{"id":26,"date":"2018-10-14T20:29:00","date_gmt":"2018-10-14T18:29:00","guid":{"rendered":"http:\/\/terredesicile.be\/wp\/?page_id=26"},"modified":"2026-03-22T18:17:59","modified_gmt":"2026-03-22T17:17:59","slug":"nos-produits-de-bouches-epiceries-fines","status":"publish","type":"page","link":"https:\/\/terredesicile.be\/index.php\/nos-produits-de-bouches-epiceries-fines\/","title":{"rendered":"Nos produits de bouches &#038; \u00e9piceries fines"},"content":{"rendered":"<p style=\"text-align: left;\"><img decoding=\"async\" loading=\"lazy\" class=\"alignnone wp-image-214 \" src=\"http:\/\/terredesicile.be\/wp-content\/uploads\/2021\/09\/221441800_2009330992547550_4626385826688004063_n-269x300.jpg\" alt=\"\" width=\"214\" height=\"238\" srcset=\"https:\/\/terredesicile.be\/wp-content\/uploads\/2021\/09\/221441800_2009330992547550_4626385826688004063_n-269x300.jpg 269w, https:\/\/terredesicile.be\/wp-content\/uploads\/2021\/09\/221441800_2009330992547550_4626385826688004063_n.jpg 540w\" sizes=\"(max-width: 214px) 100vw, 214px\" \/>\u00a0 Avec ce dernier catalogue, nous tenons \u00e0 vous pr\u00e9senter un compl\u00e9ment \u00e0 notre gamme de produits du terroir, qui sont \u00e9galement confectionn\u00e9s par des artisans soucieux de la qualit\u00e9, du respect de l\u2019environnement et de la nature, mais surtout avec le souci d\u2019apporter \u00e0 votre table un produit fini de grande qualit\u00e9.<\/p>\n<h3>NOS FOURNISSEURS :<\/h3>\n<ul>\n<li>Nos olives,l\u00e9gumes sous huile et fruits sec\u00a0<strong>F.lli Costanza, Facciponte<\/strong><\/li>\n<li>Nos Fromages\u00a0<strong>fratelli Taibi &amp; Co<\/strong><\/li>\n<li>Nos sauces tomate\u00a0<strong>Nina Azienda Agricola Zimbardo<\/strong><\/li>\n<li>Nos biscuits\u00a0<strong>Antica pasticceria Taibi<\/strong><\/li>\n<\/ul>\n<p><span style=\"color: #3366ff;\"><strong>\u00a0 \u00a0 \u00a0 \u00a0 \u00a0 \u00a0 \u00a0 \u00a0 Produits artisanaux <\/strong><\/span><\/p>\n<p><a href=\"http:\/\/terredesicile.be\/wp-content\/uploads\/2026\/03\/Catalogue-epicerie-prive-2026-1.pdf\"><img decoding=\"async\" loading=\"lazy\" class=\"alignnone wp-image-108 size-medium\" src=\"http:\/\/terredesicile.be\/wp-content\/uploads\/2019\/03\/catalogue-\u00e9picerie-2019-c-pdf-300x212.jpg\" alt=\"\" width=\"300\" height=\"212\" \/><\/a><\/p>\n<p>&nbsp;<\/p>\n","protected":false},"excerpt":{"rendered":"<p>\u00a0 Avec ce dernier catalogue, nous tenons \u00e0 vous pr\u00e9senter un compl\u00e9ment \u00e0 notre gamme de produits du terroir, qui sont \u00e9galement confectionn\u00e9s par des artisans soucieux de la qualit\u00e9, du respect de l\u2019environnement et de la nature, mais surtout &hellip; <a href=\"https:\/\/terredesicile.be\/index.php\/nos-produits-de-bouches-epiceries-fines\/\">Continuer la lecture <span class=\"meta-nav\">&rarr;<\/span><\/a><\/p>\n","protected":false},"author":1,"featured_media":0,"parent":0,"menu_order":0,"comment_status":"closed","ping_status":"closed","template":"sidebar-page.php","meta":{"footnotes":""},"_links":{"self":[{"href":"https:\/\/terredesicile.be\/index.php\/wp-json\/wp\/v2\/pages\/26"}],"collection":[{"href":"https:\/\/terredesicile.be\/index.php\/wp-json\/wp\/v2\/pages"}],"about":[{"href":"https:\/\/terredesicile.be\/index.php\/wp-json\/wp\/v2\/types\/page"}],"author":[{"embeddable":true,"href":"https:\/\/terredesicile.be\/index.php\/wp-json\/wp\/v2\/users\/1"}],"replies":[{"embeddable":true,"href":"https:\/\/terredesicile.be\/index.php\/wp-json\/wp\/v2\/comments?post=26"}],"version-history":[{"count":15,"href":"https:\/\/terredesicile.be\/index.php\/wp-json\/wp\/v2\/pages\/26\/revisions"}],"predecessor-version":[{"id":89,"href":"https:\/\/terredesicile.be\/index.php\/wp-json\/wp\/v2\/pages\/26\/revisions\/89"}],"wp:attachment":[{"href":"https:\/\/terredesicile.be\/index.php\/wp-json\/wp\/v2\/media?parent=26"}],"curies":[{"name":"wp","href":"https:\/\/api.w.org\/{rel}","templated":true}]}}